51?
-7
(-36 - -44 - (1 - (5 - 2))) + 25
35
Evaluate (43 - 56) + 29 + 1 - (-6 + 62).
-39
What is 19 + 16 + -33 + 16 - 131 - (0 - 1)?
-112
What is the value of (-3 + 3 - (4 + -8 - -5)) + (-258 - -273)?
14
What is the value of (213 - -67) + -244 + 11 + (-1 - -1)?
47
What is the value of -2 - -116 - (20 + (48 - 59 - (6 - 2)))?
109
What is -2 + 49 + (10 - -11 - (14 - (-15 - -6)))?
45
Evaluate 93 + (-33 + 88 - 217).
-69
Calculate (-142 - -146) + (25 - (2 - 1) - 0).
28
Calculate (-27 - -89) + -254 - -86.
-106
What is 52 + 116 + (-74 - 229)?
-135
(-5 + 6 - (-24 + 18)) + -50 - -13
-30
Evaluate 11 + 1 + (2 - (-6 + -6) - -2).
28
Calculate -10 + 46 + -12 - 38 - (1 - (10 - -2)).
-3
Evaluate 10 + -15 + 23 + -14 + 18.
22
Calculate -24395 - -24258 - (-265 + 0).
128
What is -6 + (34 - 30 - (15 - (4 - -1))) + 10?
-2
What is (12 + -6 - -4 - 14) + 1 + 3 - -46?
46
Evaluate 0 + -71 - ((53 - 138) + 91).
-77
Evaluate 34 + (-99 - -15) + 61.
11
Calculate -8 + (7 + -11 - 2) - -23.
9
What is 1 - (41 - (-33 + 58))?
-15
Evaluate 1 + 126 + (13 + -2 + -31 + 20 - -10).
137
Evaluate -29 + 26 + (-43 - (-7 + -14)).
-25
Evaluate -10 + (7 - -1) + 6 - (-3 - -35).
-28
Evaluate -9530 + 9556 + (-1 + 1 - (-9 + 2 + 1)).
32
What is the value of 1 + -3 + 2 - 7 - (-20 - (-74 + 14))?
-47
What is the value of -1214 - -1201 - (4 + -1 + -26)?
10
1 + -9 + 25 + 29 + -16 + -17
13
What is (4 - 79) + (-4 - (12 + -15 - -19 - 19))?
-76
What is 103 - (26 - (17 - -47))?
141
What is -199 + 106 + -100 + 110?
-83
Evaluate (10 + -146 - -20 - 6) + 5 + 9.
-108
Calculate 16 - (-7 - (-6 + -15) - -1).
1
-1 + (6 - 4) + 162 + -159 + 91
95
What is the value of -57 + -1 - (657 + -644)?
-71
Evaluate (-3 + 6 + -2 - 52) + 2622 + -2618.
-47
Calculate -3 + -8 + -3 + 18 + 32.
36
Calculate (-21 - (-4 + (6 - (10 + 0)))) + 19.
6
Calculate (0 - 4 - (26 + -41)) + (-33 + 24 - 50).
-48
Evaluate (-1 - -21) + 35 + -29 - -1.
27
What is the value of 62 + (-169 - -93) - (-3 + 0 + 0) - 10?
-21
Evaluate 79 + -110 + (-72 - -217).
114
What is the value of (-916 - -951) + 1 + -91?
-55
What is the value of 18 + 19 + -21 + -20 + -13?
-17
What is the value of (-87 - -11) + 41 - (1 + -4)?
-32
What is 40 + (-68 - -44 - 34)?
-18
What is the value of -87 + 62 + -6 + 3?
-28
What is (-4 - 34) + (-13 - (-3 + -24)) + -14 + -8?
-46
Evaluate (-133 - -84) + (28 - 0) + -57 + 48.
-30
6 - (54 - (-25 + 46))
-27
What is the value of -15 + (144 - 84) + 10?
55
Evaluate (310 - 276) + -14 + -73.
-53
98 + (-19 + 13 - -21) - 0 - 12
101
What is the value of (-65 - -15) + 21 + -2 + -9 + 8?
-32
Calculate (0 - 2) + -77 + (229 - (-11 + 234)).
-73
What is the value of 61 + -108 + 47 - ((-2 - 0) + -4 + 36)?
-30
What is the value of (213 + -108 - 184) + -2 + -23?
-104
Calculate (10 - 1) + (-40 + 23 - (-12 - -5)).
-1
What is the value of (-47 - (-19 - (-34 - -52))) + -39?
-49
Evaluate (7 + -1 - 20) + (-205 - -218) + 117.
116
-8 + 5 + (-1 - 0) - (433 - 424)
-13
What is the value of 253281 - 253189 - (-11 - (0 + 0 + 0))?
103
20 - (21 - -32 - 14)
-19
What is the value of 22735 + -22677 - (44 + 0)?
14
Calculate -1 - (11 + -1) - (1569 - 1596).
16
Evaluate -121 + (-84 - -102) - -151.
48
What is -48 + (-28 - -38) - -25?
-13
Calculate (141 - 129) + (-29 - 18).
-35
-46 - ((39 - 81) + 31)
-35
Evaluate (-14 - 34) + 62 + -57.
-43
What is (131 - 404 - -130) + 102?
-41
Evaluate (16 + -16 + 2 - 4) + 21.
19
What is the value of (55 - (17 + 59)) + 0 + -16?
-37
-1 + -23 - (-351 + 340) - (-6 + 0) - -47
40
-30 + 28 + 7 + -7 + -2 + 9 - -35
40
Calculate -3 - -27 - 18 - 37 - 34.
-65
What is the value of 2055 + -2008 + (-151 - 0)?
-104
Calculate 73 + 4 + -55 + 23.
45
What is -1 + -26 + -2 + 0 - (909 - 908)?
-30
What is 21 + 9 + (73 + 45 - 45)?
103
What is 43 + (-1 - 2) + (107 - -13 - 101)?
59
What is 145 + -73 - (-7 - -20 - -9)?
50
What is the value of 26 + 8 + -120 + 30?
-56
Calculate 230 + -225 - (-3 + 4 + -4 - (-4 - -4)).
8
Evaluate 106 - 4 - ((2 + -2 - 2) + 139 + -132).
97
Calculate 98 + (160 - 244) + 11 + 1.
26
-30 - (41 - 15 - 47)
-9
What is 2 + 1 - (-2666 + 2702)?
-33
-165 + 221 - (14 + 4 - 1)
39
What is the value of -36 - -78 - (-1 - -25)?
18
What is -129 + 133 + (-27 - 4) + 99?
72
What is 82 + -25 - (0 + -4 - -14) - (-1 - -5)?
43
Evaluate 3 - -2 - ((-3 - 0) + -4 + 188 + -175).
-1
Evaluate (1 - -9 - -14) + 24 + 6 + -14.
40
3 + (-12 - 2) + (12944 - 12860)
73
Calculate (-52 + 8 - 1 - (42 + -44)) + -1.
-44
Evaluate (173 - 141) + -1 + -26 + 8.
13
What is the value of (88 - 123) + (-3 + -5 - 3)?
-46
Evaluate (169 - 163) + -36 + -3 + 20.
-13
-1083 + 1154 - (2 + 57)
12
What is 36 + (-12 - 14 - -8) - 76?
-58
59 + 5 - (336 + -318)
46
-15 + -1 + (-23 - -34) + (-42 - -52)
5
Calculate 256 - (238 + 12) - (-15 + (-2 - -4)).
19
Evaluate 14 - -57 - 6 - -2.
67
0 - -10 - -86 - 26
70
What is (30 - 267) + 248 - (2 - (11 - (-3 + 2)))?
21
Evaluate (2 - -10) + -3 + -16 + 16 + -3.
6
What is 3078 + -3184 - (-92 + 0)?
-14
Evaluate 27 + (10 - 50) + 14 - 73.
-72
What is (-14 - (-2 - 12 - -3 - -10)) + 28?
15
31 + 69 + -1 - 3 - 6
90
Evaluate -9 - (74 - 58 - -51).
-76
Calculate (1 - 13 - ((42 - (14 + 9)) + 31)) + 5.
-57
What is -1 + -1 - ((-1 - (0 - 83)) + 2451 + -2439)?
-96
What is (1 - (-4 + (-1 - -2))) + (21 - 15) + -1?
9
What is the value of -24 + 33 + (3 - 19) + 29?
22
0 + -1 + -23 + 5332 + -5349
-41
What is 174 + 59 + -166 - -23?
90
What is 8 - (70 + -20 + (-9 - -21) + (1 - 7))?
-48
Calculate -29 - (-26 - -35) - -51.
13
Calculate 74 + -10 + (-10 - (-30 + -11 + 14)).
81
What is (4 - 2) + -57 - (-54 + 36 - (19 + -44))?
-62
Calculate 5 + 7 + -8 - (16 + -11 - 12).
11
Evaluate -43 + (-31 - (27 + -114)).
13
-21 + 24 + (-37 - 12)
-46
What is the value of -1 + -52 + (-1290 - -1328)?
-15
0 + -1 - (0 - 0) - (-95390 + 95408)
-19
(-76 - -62 - -13 - (1 - 1 - 12)) + -98
-87
What is the value of (-3 - (14 + 25 + -38)) + 22?
18
129 - (-34 + 63 - -30)
70
What is the value of 31 + -13 + (5 - 5 - -4) + -10?
12
Calculate -37 - ((-67 - (-40 - 2)) + 67).
-79
Evaluate (-70 - (2 + 0)) + (-6884 - -6880).
-76
Evaluate 1693 - 1632 - (16 + 0).
45
What is 0 - (-1 - 1) - (-2 + 35 + 1137 + -1245)?
77
What is -10 + (4 - 6 - (2 + -19 + 4))?
1
What is (5 - 3) + -40 + (-28 - -39)?
-27
Calculate (-42 + 17 + 4 - (0 - 3)) + (11 - 15).
-22
What is the value of -9 - (-6 + 9 + 2 + (-5 - -10))?
-19
12 + -13 - -3 - (30 + -33)
5
What is the value of -75 - (-116 + 59 + -48)?
30
9 - (10 + 3 + 33 - 12)
-25
-108 + (76 - (-107 + -39))
114
What is the value of (-7 - -19) + -7 - -9 - (11 - 45)?
48
Evaluate (-15 - 1) + -15 + (-1 - 6) + 21.
-17
(-40 - 4 - (3 - 1)) + (-728 - -733)
-41
Evaluate -77 + 73 + (7 - 0 - 8) + 100.
95
What is 113 + -112 - (7 - 14 - -17)?
-9
What is (10 - 0) + -288 + 268 - -24?
14
Calculate -1042 + 1053 + 35 + 0 - 49.
-3
Evaluate 1 + -100 - (-20 + 26 + (6 - (15 + 7))).
-89
(-115 - (-114 + 29)) + 2 + 17
-11
Evaluate (-86 + 54 - (-4 - 14)) + -52.
-66
(19 - 0) + 2 + -101 + 28
-52
Evaluate 37 + (6 - 12) - (0 + 92).
-61
15 + -13 + 0 - (1 - 2 - (21 + 2))
26
Calculate 42 + -19 - (13 + -40) - 39.
11
Evaluate -24 + (20 - -1) + 4 + -5 + 14.
10
What is (-108 - -78 - 52) + (1 - -11)?
-70
Evaluate -16 + (-19 - (5 - 113) - -9) - -7.
89
What is 16 + -71 + 29 - (-12 - -8)?
-22
Calculate -18 - (-5 - (22 + 27 + -97)).
-61
Calculate (30 - 40) + 34 - 48.
-24
What is the value of (77 - 84 - -7) + 67?
67
Evaluate (-132 - -101 - 132) + 92.
-71
What is the value of 33 - (25 + -17 + 12) - (-3 - 2)?
18
What is (-71 - -25) + (-8 - -87)?
33
What is 48 + -21 - 62 - (-3 + 1 + -2 + 1)?
-32
What is the value of -6 - (2 - 2) - (25 + (-15 - -19))?
-35
(11 + -32 - (-27 + 5) - 13) + -20
-32
What is -58 - (-61 + 37) - (-102 - -6)?
62
35 - (25 - (-11 + 20))
19
What is the value of (0 - -58) + -2 + -10 + 4 + -6?
44
What is the value of -74 - -4 - (1069 + -1049)?
-90
Calculate 6 + (42 - 16) + -9 + -24 - (3 + -2).
-2
Calculate (34 - (154 + -108)) + 2 + -44.
-54
Evaluate (1 - 5) + (6 - -4) + (137 - 71).
72
Evaluate -15 + -1 + -19 + 35 + -4.
-4
Calculate 136 + -123 + (-54 - -7) + -15.
-49
-1 + (5 - (-2 + 0 + (-26 + 60 - 21)))
-7
-15 + -24 + 36 + 42
39
What is 59 + -26 - 28 - ((-46 - (-2 - -2)) + -1)?
52
Evaluate 2 - -11 - ((-32 - -13) + 11 + 5).
16
What is the value of 3 - (3 - 14) - (923 + -963)?
54
Calculate 15 + (-31 - -21) + 16 + -23 + 1.
-1
What is the value of (16 - (1 - 